 - 0 - 24. Let l = 11 - n. Suppose l*q - 40 = 3*q. What is the units digit of q?
0
Let q be (-3)/1*(-25)/15. Let p(k) = 5*k**2 + 2*k - 17. What is the units digit of p(q)?
8
Let p(y) = -y - 7. Let c be p(-7). Let s = 3 - c. Suppose a - 4*j = 26, -3*a - s*j - 2*j + 44 = 0. What is the units digit of a?
8
Suppose -4*w - q = 60, -23 - 21 = 2*w + 4*q. Let o = w - -174. What is the hundreds digit of o?
1
Suppose -2*z + 12*r - 16*r + 3790 = 0, 0 = -3*r + 9. What is the thousands digit of z?
1
Suppose 323 = j - 847. What is the hundreds digit of j?
1
Suppose -9255 = -31*s + 16*s. What is the tens digit of s?
1
Let y = 1009 + -632. What is the units digit of y?
7
Let y(v) = v**3 + 12*v**2 + 11*v + 12. Let x = -22 + 11. Let u be y(x). Suppose -3*w + 0 = u, 3*w - 14 = -k. What is the tens digit of k?
2
Let o(u) = -25*u - 8. Let d be o(-12). Let c = d - 207. What is the units digit of c?
5
Let h(n) = -n**3 + 5*n**2 - 9*n + 4. Let o be h(4). Let a = 19 + o. What is the units digit of a?
3
Let q(g) = -g**3 - 9*g**2 + 9*g + 3. Let c be q(-10). Suppose b + 4*s - 29 = c, 168 = 3*b - 2*s. What is the units digit of b?
4
Suppose -2*y - 3*y + 990 = 0. Suppose -3*f + y = -s, 140 = f + f + 2*s. What is the units digit of f?
7
Let o(x) = x**3 + x**2 - 2. Let y be o(0). Suppose 0 = -h + 8 + 16. What is the units digit of (2/(-3))/(y/h)?
8
Let o(b) = 6*b**2 - 11*b + 60. What is the thousands digit of o(-13)?
1
Suppose 0 = -5*r + 1 - 6, 4*c = 3*r + 1243. What is the hundreds digit of c?
3
Let f = -57 - -29. What is the tens digit of (-1323)/f + 2/(-8)?
4
Let n be (-279)/(-21) - (-2)/(-7). Suppose 279 = 10*h - n*h. Let q = h + 165. What is the tens digit of q?
7
Let d = 10623 - 7354. What is the thousands digit of d?
3
Let x be (-3)/(39/2) + 5275/65. Let o = 218 - x. What is the tens digit of o?
3
Let s(n) = 2*n**3 + n**2 - 9*n - 5. Let w be s(-4). What is the units digit of (w/(-36))/((-43)/(-40) - 1)?
0
Suppose 4*t - 1688 = -5*l, -4*l = 4*t - 1916 + 228. What is the units digit of t?
2
Let f(c) = c**3 - 8*c**2 + 9*c + 7. Let b be f(7). Let k(g) = b + 0*g - 2*g - 7 + g. What is the units digit of k(11)?
3
Suppose -2 + 0 = 5*i + 3*g, 3*i + 6 = -3*g. Suppose i*y - 124 = -q, 6*y - 3*y - 191 = -4*q. What is the tens digit of y?
6
Suppose -12*b = 2*b - 22204. What is the hundreds digit of b?
5
Suppose -2*l = -5*l + 3. Suppose -3*b = -8*b - 15, b = -3*z + 6. Suppose 2*u - 3 = -z*o - 2*u, 2*u = -o - l. What is the units digit of o?
5
Let h be (-6)/8 + 1446/8. Suppose 0 = -2*p - 0*p + h. What is the units digit of p?
0
Let r = -579 + 1219. What is the units digit of r?
0
Let r be (4 + 4)/(2*-1). What is the units digit of ((-36)/45)/(r/10)?
2
Suppose 2*d - 2*b = -3*d + 580, 3*d + 2*b - 332 = 0. Suppose -3*v = -2*u - 85, 4*v - 3*u = -0*v + d. What is the units digit of v?
7
Suppose o + 5 = v, 2*o + 4*v = -2*o + 20. Let h = o + 5. Suppose 0 = -6*m + h*m + 24. What is the tens digit of m?
2
What is the thousands digit of -33*(-834)/18 + (-25)/(-5)?
1
Suppose 0 = -0*h + 3*h + 6. Let c be 12/(-16)*-14*h. Let p = c + 94. What is the units digit of p?
3
Let n(t) = t - 1. Let f be 2/(-5) - (-28)/20. Let c(o) = -6*o + 6. Let g(z) = f*c(z) + 4*n(z). What is the tens digit of g(-4)?
1
Let j(w) be the first derivative of w**4/4 - 2*w**3/3 + 3*w**2 + 3*w + 7. What is the units digit of j(3)?
0
Let b(h) = h**3 - 12*h**2 - 28*h + 20. Let z be b(14). Let g = z - -44. What is the units digit of g?
4
Let p be (5/15)/(3/(-18)) - -372. Suppose p = 2*x + 3*x + 3*r, 5*x - 5*r = 330. What is the tens digit of x?
7
Let n(b) = -99*b - 24. Let f be n(-10). Suppose f = 14*x - 7*x. What is the units digit of x?
8
Let h(r) = -7*r**2 + 333*r + 127. What is the tens digit of h(45)?
3
Let j = -100 - -152. Suppose -j = -k + 4*m, m = 1 + 4. What is the units digit of k?
2
Suppose -5*m = -3*m - 12. What is the tens digit of (-2000)/(-24) + (-2)/m?
8
Let f(p) be the first derivative of p**4/4 - 10*p**3/3 - 4*p**2 - 6*p - 41. Suppose n = -n + 22. What is the tens digit of f(n)?
2
Let p = -8930 + 13075. What is the tens digit of p?
4
Let o(p) = 2*p**2 + 13*p - 5. Let s be o(-10). Let k be 10*2/(-4)*(-5 + 4). Suppose 0 = 4*y - 4*c - 88, -5*y - k*c + s = -45. What is the tens digit of y?
2
Let q = 6 + -2. Suppose 0 = g - q*o - 3, -5*g - o - 9 = 3*o. What is the units digit of 3/g - 1*-6?
3
Let b be 1056/(-15) + 2/5. Let i = b + 119. What is the tens digit of i?
4
Let z be (-24*(-10)/(-15))/1. Let j be 519/(-4*4/z). What is the tens digit of 1/3 - j/(-9)?
5
Let c(p) be the first derivative of p**2 + 28*p + 1. Let t be (1 - 0)*(-3)/(-6)*0. What is the units digit of c(t)?
8
Suppose -5*k + 104 = -56. Let b = k - 56. Let x = b + 95. What is the tens digit of x?
7
Suppose -2998*m + 2992*m = -27570. What is the thousands digit of m?
4
Let j = -49 + 289. Suppose 4*o = 152 + j. What is the units digit of o?
8
Let f(c) = -15*c**3 - 9*c**2 - 13*c + 6. What is the units digit of f(-3)?
9
Let o = -90 + 94. What is the units digit of 234 - 2*o/(-24)*3?
5
What is the hundreds digit of 38*(1 + 20) + -4?
7
Let u = 953 + -447. Suppose u = 3*y - 2*a, -2*a + 841 = 5*y - 3*a. Suppose -6*v + y = -3*v. What is the tens digit of v?
5
Let u(b) = -5 + 2*b - 4 + 11*b**3 + 9*b**2 + 13*b - 12*b**3. What is the units digit of u(8)?
5
Let b(r) = 2*r**3 - r**2 - 2*r - 1. Let x be b(-1). Let z be 25 - (8 - (2 - x)). Let j = z - -2. What is the tens digit of j?
2
Let j = 6095 - 4131. What is the units digit of j?
4
Let f = 545 + -329. What is the tens digit of (-6 - -5)/(-1*1/f)?
1
Let c(k) = 3*k**2 - 8*k - 3. Let v be c(-2). Suppose -5*d - v = 0, 2*a = 4*d - 2*d + 112. What is the units digit of a?
1
Let u(g) = 3*g**2 - 2*g**2 - 6*g**3 + 2*g**3 + 14 + 3*g**3. Suppose -2*w + 4*w = 0. What is the tens digit of u(w)?
1
Suppose -4*d - 4*i = -3*i + 264, -4*d = 4*i + 252. Let a = d - -73. What is the units digit of a?
6
Let o be -3 - (4 + -7) - 0. Suppose -8*u + 6*u + 8 = o. What is the units digit of 2/4 - (-14)/u?
4
Let j be (0/(-2))/(8 + -7). Suppose -68 = -j*l - l. What is the units digit of (l/6)/(1/3)?
4
Suppose -1096 = -3*w - w. Let x = w - 145. What is the tens digit of x?
2
Suppose 0 = 2*s - 2*h + 3*h - 1990, 5*h = -3*s + 2992. What is the tens digit of s?
9
Let a(b) be the first derivative of -5*b**2/2 + 11*b + 59. Suppose 2*m + 11 + 9 = 0. What is the tens digit of a(m)?
6
Let y(l) = -l**3 + 16*l**2 + 6. Let n be y(16). Let o(s) = 7*s - 4 - 13*s - n - 6*s. What is the tens digit of o(-3)?
2
Let y = 111 - 55. Suppose -15 - y = -a. Suppose -4*f - 3*w = -a, -f - 4*w + 38 = f. What is the tens digit of f?
1
What is the hundreds digit of (-2)/(8/3) + (-42133)/(-28)?
5
Suppose -35 = -n - 3*o + 19, 0 = 5*o - 15. Suppose 0*f + f = n. Suppose 0 = -2*p + 2*k + 3 + f, -5*k - 20 = -p. What is the tens digit of p?
2
Let k be -3 + 15 + (-1)/1. Suppose -m - 690 = -k*m. What is the tens digit of m?
6
Let p(s) = -s**2 - 7*s + 10. Let b be p(-7). Let j = b - 7. Suppose j*l - 5*l = 5*z - 3, 10 = 3*l + 2*z. What is the units digit of l?
4
Let d = -12 + 24. Let u = d - 6. What is the units digit of u + (2 - 2) + 3?
9
Let j(h) = h**2 - 9*h + 20. Let w be j(-15). Suppose -6*z + w = 134. What is the tens digit of z?
4
Let o(c) = 5*c + 4. Let u(r) = 30*r + 25. Let y(m) = -25*o(m) + 4*u(m). Suppose -2*x - i - 4 = 2*i, -2*x - i - 8 = 0. What is the units digit of y(x)?
5
Let z be 2/3 + (-96)/9. What is the tens digit of ((0 - -1) + 31)/((-4)/z)?
8
Let j(y) be the third derivative of y**6/120 + y**5/10 + y**4/4 + y**3/6 - 46*y**2. What is the units digit of j(-3)?
0
Let f be (-26)/(-6) + (-4)/((-24)/(-2)). Suppose 0 = -f*w + 3*w + 19. What is the tens digit of w?
1
What is the hundreds digit of 29/87 + (-2740)/(-6)?
4
Let w = -1607 - -2511. What is the units digit of w?
4
Suppose -3*t - 15 = 0, 2*p + 2*p + 1030 = -2*t. Let c be (12/15)/((-6)/p). Let r = -20 + c. What is the tens digit of r?
1
Suppose 0 = -3*p - 3*y - y, -4*y - 20 = -2*p. Suppose -p*b = -2*r + 118, 2*r + 7*b - 9*b = 126. What is the units digit of r?
7
Let b(u) = 537*u**2 + 2*u - 3. What is the units digit of b(1)?
6
Let x(r) = 2*r**2 + 2*r - 1. Let c be x(-2). Suppose 0 = 7*p - c*p - 108. What is the tens digit of p?
2
What is the units digit of 2 + (690/(-5))/(-1)?
0
Let f(v) = -v**3 + 30*v**2 + 